-1 + 1)
-31
-4 + -21 + (102 - -10) + (-16 - -25)
96
Calculate 8 + 28 + (-6 - -10 - (0 + -3)) + -5.
38
What is 62 + (17 + -13 - 16) - (5 - -5)?
40
Evaluate (696 - 704) + (43 - 3).
32
What is -10 + 1 - (2588 + -2690) - -26?
119
-1031 + 1077 + (0 - -2) + -8
40
(0 - 48) + (86 + 44 + -92 - 29)
-39
Evaluate 79 - ((-69 - -115) + -9).
42
Evaluate (14 - -1 - 5) + -6 + (-5 - -8) - 54.
-47
(3 - (3 + 1 + -3)) + -27 - (-24 + 26)
-27
Evaluate -178 - (-103 - (-56 + 49)).
-82
-2025 + 1981 + -1 + 107
62
Evaluate -3 - -27 - 4 - (1705 - 1599).
-86
What is the value of -28 + 36 + -28 - 63 - (-4 - 7 - 4)?
-68
Calculate 106 + -18 - (-148 - -189).
47
What is the value of 47 - 14 - -47 - 45?
35
What is the value of 3 + -41 - (-8 - 8 - -6)?
-28
What is the value of -46 + 21 - -24 - (-11 - -4) - 38?
-32
Calculate 11690 - 11694 - (-40 + 0 + 0).
36
Calculate -16 - ((-12 - 0) + 81 + -243 + 116).
42
Evaluate 0 + 18 + -7 + -19 + -71 + (-2 - -2).
-79
What is the value of (17 - 15) + -2 + -4 + (-18 - 15 - 19)?
-56
Calculate 35 + 9 + -36 + 37 + 28.
73
Evaluate 0 + -76 + 10 + (0 - 11 - (25 + -34)).
-68
What is the value of 17 + (45 - 62) - 24?
-24
What is (-69 - (84 - 119)) + 126?
92
What is 25 - (-87 + 54) - 112?
-54
Calculate (46 - (1 - 7)) + 10 + (-3 - 16) + 15.
58
What is the value of -11 - (-26 - -18) - (-1 - (1 + -41))?
-42
What is (1 - -29) + -282 + 106 + 239?
93
(11 + -4 + 6 + -8 - -5 - 18) + 4
-4
What is (61 - (-21 - -21)) + 30 + -44?
47
What is 17 + 3 + (1 - (21 + -7) - -17)?
24
(-463 - (-498 - -121)) + 1 + -2 + 1 + -3
-89
(60 - 1) + (-20 - (-16 + -12) - -8)
75
What is (245 + -119 - 115) + (0 - -34)?
45
Calculate (345 - 329) + (-10 - (-3 + 2)) - (73 + -5).
-61
What is (-72 - (-170 - -98)) + (-4 - 1)?
-5
What is -12 - ((-12 - (3 + 15 + -20)) + -118 + 1)?
115
-28 + -31 + (31 - 13)
-41
-4 - (38 + -44 + (7 - 1) + -63 + 22)
37
-69 + 68 + -5 + -37
-43
Calculate -39 + 45 + (-16 - (58 + 27)).
-95
What is -64 - (-11 + 4 + -14 + 7) - 14?
-64
152 - 142 - -61 - 158
-87
-2 + -15 + 9 - (29 - 10) - -7
-20
What is the value of (17 - (-55 + 59)) + 12 + -5?
20
Evaluate -33 + 9 + 15 + (-3 - (36 - -4)).
-52
What is the value of -3 + -4 + 2 + 2 + -31 + (6 - -18)?
-10
What is the value of -85 + 176 + (-20 - 4) - 14?
53
What is the value of 5 + (6 - (-2 + 7 + -31 + 32 - -6))?
-1
-24 + 28 + 53 + -73
-16
Calculate -24 - (20 + -98 + 47).
7
What is the value of (17 - (-123 + 171)) + (1 - -38)?
8
Evaluate (6 - -2) + -2 + -9 - ((21 - 9) + -45).
30
What is the value of -7 + 8 + -1 - (17 + -114 + 14)?
83
Calculate -13 + -1 + 0 + 328 + -298.
16
What is (-21 + -12 + 27 + -12 - -8) + 60?
50
Calculate 12 + 19 + 16 + -3 + 2 + -4.
42
(3 - 4) + 0 + -65 + (-50 + 183 - 140)
-73
What is 3 + -12 - (-38 + 5)?
24
Calculate 55 + (-12 - (28 + -22)) + -7.
30
What is the value of (-625 + 627 + -1 + -20 - -83) + 7?
71
What is -19 - ((9 - -9 - 44) + 6)?
1
What is -47 + (-173 - -98) + 3?
-119
Evaluate (-224 - -180) + 41 + 10 - -42.
49
Calculate 80 + -77 + -20 + (1 - (13 + -7)).
-22
What is the value of -10 + 10 + 10 - (17 + 1) - (-79 + 0)?
71
Evaluate -48 + 49 - ((129 - (5 + -10 - -6)) + -8).
-119
What is the value of -64 - (58 + -164) - -16?
58
Calculate 0 + -30 + -17 + -96 + 84.
-59
Calculate 283 + (142 - 363) - (-20 + -1).
83
Evaluate -47 - -94 - 12 - 99.
-64
What is (-13 + 35 - (212 + -196)) + (41 - (-2 - -1))?
48
Evaluate 29 + 918 + -929 + 18 + -1 + -1.
34
Calculate -4 - (26 - (-7 - -86)).
49
3357 - 3341 - (1 + -26)
41
22 - (-109 + -25 + 125)
31
20 + (19 - (-11 + 3 + 29) - (3 + -1))
16
Evaluate 3 + -171 + (-1702 - -1800).
-70
What is 4266 + -4180 - (2 - (1 - ((1 - -3) + -15)))?
96
What is the value of (23 - 0) + 7 + 2 + -5 + (24 - 26)?
25
Calculate 2 - 33 - (-25 - 107 - -55).
46
-22 + 7 + -26 - (-29 + 4 - -34)
-50
What is (-2 - 7 - ((3 - -1) + -22)) + 2 + -10?
1
What is 20 - 5 - (-1 - 0) - (-4605 - -4603)?
18
(-69 - (9 - 0)) + -128 + 152
-54
What is -2 + -84 + (-1 - 14) + 285 + -254?
-70
Calculate -11 + (40 - -7) + -56.
-20
What is the value of (2 + -1 - -26) + 96 + (-118 - -31)?
36
What is (-9 - -6) + 10 - (105 + 1)?
-99
Calculate (-11 - -3 - (-5 - (-12 - 57))) + 1 + -7.
-78
Evaluate 12 - (8 - 21) - 34 - -60.
51
What is 1911 - 1998 - (-56 - 3)?
-28
(-1 + (-3 - -3) - (-25 - -59)) + -16 + 19
-32
What is the value of -5 + (9 - 0) + -89 + 9 + -28?
-104
What is the value of 1 + (-7 - (2 - 40)) - (-7 - (-6 + 1))?
34
Evaluate 14 + (-18 - 3) + 139 + -148.
-16
-49 + 172 + -60 - 1
62
What is (-2 - 11) + 5 + -62 + 52 + 11?
-7
What is the value of (-13 + 1 + 20 - 12) + -4 + 92?
84
What is 31 - (55 + -27) - (-9 - 1) - -19?
32
-293 + 297 + -97 + 0 + 8
-85
Calculate -25 + (22 - 15) - -22 - 12.
-8
Evaluate 1 - (1 + 7 + 0 + -111 + 147 + -21).
-22
Calculate -122 + -17 + 37 + (22 - -3) - (0 + 7).
-84
Calculate -165 + (-42 - -51) + 90.
-66
Evaluate (72 - 95) + (-20 - -121).
78
Calculate (-9 - -162 - 26) + -31 + -43.
53
What is 54 + -35 + (-4 - -21) - (10 + -26)?
52
What is -4 + 3 + (-47 - (15 - 53)) + (1 - -62)?
53
Evaluate -44 + (-7 - (-17 + -1) - (10 + -10 - -7)).
-40
Evaluate 3 - 43 - (0 - -37 - (1674 - 1624)).
-27
1 - -8 - (37 - (-142 - -128)) - (1 + 2)
-45
What is the value of -162 + (38 - (-44 - 55))?
-25
Calculate -10 + 18 + (0 + -1 - (34 - 36)).
9
Evaluate -17 + 3 + (-50 - (-41 + 16)).
-39
What is the value of (-8 - (9 + -14) - -7) + -7?
-3
What is 31 - 91 - (-9 - 72)?
21
What is the value of -388 + 347 - (0 + 0 - ((-14 - -4) + 2))?
-49
What is the value of -16 - -2 - (6 - -52)?
-72
-23 + 2 - (-483 - -452) - (1 + 1 - -10)
-2
What is -135 + 8 + 60 + 44?
-23
What is the value of -1 - 11 - (-6 - 10 - (46 - 24))?
26
Calculate (0 - 39) + (9659 - 9654).
-34
48 + 1 + (-139 - -146) + (-8 - 1)
47
3015 + -2887 + (-7 - 53)
68
Calculate 64 - (67 + (-96 - -86)).
7
Evaluate 69 - (92 + -76 + 51).
2
Evaluate -144 - ((-81 - -68) + -69).
-62
Calculate (-7 - (2 + (1 - 3))) + -2 + (-1 - -5).
-5
What is the value of 13 + 75 + 14 - (78 - 61)?
85
What is (-131 + 129 - 52) + -56?
-110
Calculate -57 + 2 + -4 + -12 + -34 + -44 + 92.
-57
(-43 - (21 + -47)) + (2 - 0 - -2) + 9
-4
Evaluate (1 - 1 - 52) + 2 + -27 + -844 + 861.
-60
(-200 + 180 - (0 - 10)) + (3 - 1) + 66
58
14 + (10 + 3 + -1 - 18) + (-31 - 0)
-23
-15 + 0 + (-33 - (-45 + -110 + 3))
104
Evaluate -6 + 36 - 49 - 5.
-24
(0 + -3 + 3 + 5 - 1) + -874 + 972
102
-42 + 69 + -31 + -24
-28
What is (-21 + 6 - -26) + (17 - 8 - -4)?
24
Calculate (0 - 5) + (15 - (27 + -9) - 11).
-19
What is the value of (51 - 1) + (342 - 96 - 236)?
60
(1 + -3 - -16 - 2) + 6 + -238 + 283
63
What is the value of -7 + (1 - 1) + 24 + -22 - (-232 - -235)?
-8
Calculate 73 - (-121 + 290) - -55.
-41
Evaluate (18 - (29 + (-36 - -16)) - -79) + (-10 - 2).
76
Evaluate 51 - 39 - (-1 + 3) - 8.
2
Evaluate 21 - ((-2 - (-8 - -11)) + 6).
20
Calculate 2059 + -2068 + (-6 - -2).
-13
Calculate 188 + -219 + (0 + -3 - (-73 + 75)).
-36
What is (-3 - (-4 + 4) - 1) + (-37 + 11 - -41)?
11
What is the value of -48 + 50 - (-94 - -61)?
35
Calculate ((-7 - -20) + -3 - -6) + -4.
12
What is the value of (-2 - -1) + -1 + 10 - (-271 + -310 + 648)?
-59
Calculate 11 - 12 - (22 - 17) - 27.
-33
What is the value of (74 - 322 - -121) + 80?
-47
What is 131 + 97 + -134 - 127?
-33
-13 + 4 + (-14 - -19) + (4 - 1)
-1
What is the value of 30 + (3 - 3) + -3 + 54 + 82 + -130?
33
What is 3 - 1 - ((0 - -2) + -16) - (11103 + -11103)?
16
What is the value of 44 + -13 + (-21 - -26)?
36
What is (111 - 142) + (26 - -46)?
41
Evaluate (-41 - (-40 + 17)) + -45 + 19.
-44
Evaluate -1 + -26 + -124 + 51 + 87.
-13
(-212 - -1) + (-270 - -380)
-101
38 + -34 + 60 + (1 - 1 - 4)
60
Calculate 1 + -10 + -92 + -27 + 132 + (-17 - -1).
-12
15 - (-139 - -135 - (-1 - 51))
-33
What is -27 + 7 + -6 + 900 + -891?
-17
-20 + (209 + -121 + -93 - (-21 - -1))
-5
Evaluate 7 + 10 + (-118 - -101) + (28 - 2).
26
What is -24 + (12 - (15 + (-13 - -3) - -25 - 14))?
-28
Evaluate -68 - ((669 - 648) + (2 - -9)).
-100
Evaluate -50 + 1 - (-50 - (60 + -127)).
-66
1 + 1 - (-4 - (-7 - (-12 - -74)))
-63
Calculate 10 + -12 + 29 + (-1 - 15) - (1 + 42).
-32
1 + 1 + 7 - (-5 + -5 - 62)
81
What is 9 - ((-12 - -14) + 7 - -11)?
-11
What is the value of 11 - 2 - ((-42 + 43 - (-11 + 1)) + -15)?
13
(-5 - (-14 + -4)) + -8 + -7 + 7
5
Calculate -62 + -3 - (-11 - (-13 + -26) - 33).
-60
What is -11 + -2 - (-399 - -385 - (-2 + 14 + 